{"id":140,"date":"2016-05-13T14:10:26","date_gmt":"2016-05-13T12:10:26","guid":{"rendered":"http:\/\/www.meditangens.de\/entw\/endotax\/?page_id=140"},"modified":"2024-08-01T18:49:17","modified_gmt":"2024-08-01T16:49:17","slug":"vita-martin-britze","status":"publish","type":"page","link":"https:\/\/www.endotax.de\/cont\/vita-martin-britze\/","title":{"rendered":"Vita Martin Britze"},"content":{"rendered":"<style>\n<!-- .imgbw {padding:0;margin:0} .imgbw#martbri  {width:350px;height:233px;background:url(\"https:\/\/www.endotax.de\/cont\/wp-content\/uploads\/navinafotografiert-197399-b_350b.jpg\") top right}\n.imgbw#cartex  {width:150px;height:100px;background:url(\"https:\/\/www.endotax.de\/cont\/wp-content\/uploads\/navinafotografiert-197358-b_sw-col_150b.jpg\") top right}\n.imgbw#cartex:hover {background:url(\"https:\/\/www.endotax.de\/cont\/wp-content\/uploads\/navinafotografiert-197358-b_sw-col_150b.jpg\") bottom right;} div#vita { border-collapse: collapse; padding-left:15px} \n.imgbw#halschm  {width:150px;height:100px;background:url(\"https:\/\/www.endotax.de\/cont\/wp-content\/uploads\/navinafotografiert-197383-b_sw-col_150b.jpg\") top right}\n.imgbw#halschm:hover {background:url(\"https:\/\/www.endotax.de\/cont\/wp-content\/uploads\/navinafotografiert-197383-b_sw-col_150b.jpg\") bottom right;}\n#vita div.li { width: 160px; } #tr div { display: table-cell; padding: 2px 0 2px 0; }  .zeil { float: left; padding:5px 20px 0 0;margin:0; }\n.zeil:last-child { padding:5px 0 0 0;margin:0;} --><br \/>\n<\/style>\n<p>[vc_column width=&#8220;1\/3&#8243; css=&#8220;.vc_custom_1468420102292{margin-top: 0px !important;margin-right: 0px !important;margin-bottom: 0px !important;margin-left: 0px !important;border-top-width: 0px !important;border-right-width: 0px !important;border-bottom-width: 0px !important;border-left-width: 0px !important;padding-top: 0px !important;padding-right: 0px !important;padding-bottom: 0px !important;padding-left: 0px !important;background-color: #ffffff !important;}&#8220;][vc_column_text]<\/p>\n<div style=\"width:350px; padding: 0;margin:0\" align=\"center\">\n<div id=\"martbri\" class=\"imgbw\"><\/div>\n<p>Martin Britze<\/p>\n<\/div>\n<div style=\"\" class=\"zeil\" align=\"center\">\n        <a href=\"https:\/\/www.endotax.de\/vita-carola-textor\/?op=5\"><\/p>\n<div id=\"cartex\" class=\"imgbw\" style=\"\"><\/div>\n<p><\/a><a href=\"https:\/\/www.endotax.de\/vita-carola-textor\/?op=5\"><\/a><a href=\"https:\/\/www.endotax.de\/vita-carola-textor\/?op=5\"><\/a><a href=\"https:\/\/www.endotax.de\/vita-carola-textor\/?op=5\"><\/a><a href=\"https:\/\/www.endotax.de\/vita-carola-textor\/?op=5\"><\/a><a href=\"https:\/\/www.endotax.de\/vita-carola-textor\/?op=5\"><\/a><a href=\"https:\/\/www.endotax.de\/vita-carola-textor\/?op=5\">        Carola Textor<\/a><\/p>\n<\/div>\n<p>[\/vc_column_text][\/vc_column][vc_column width=&#8220;2\/3&#8243; css=&#8220;.vc_custom_1468420102292{margin-top: 50px !important;margin-right: 0px !important;margin-bottom: 0px !important;margin-left: 0px !important;border-top-width: 0px !important;border-right-width: 0px !important;border-bottom-width: 0px !important;border-left-width: 0px !important;padding-top: 0px !important;padding-right: 0px !important;padding-bottom: 0px !important;padding-left: 0px !important;background-color: #ffffff !important;}&#8220;][vc_column_text]<\/p>\n<div style=\"padding-bottom:25px;padding-left:15px\">\nDipl. Kfm. Martin Britze<br \/>\nGesellschafter<\/div>\n<div style=\"padding:0 0 15px 15px\">\nist Gr\u00fcndungsgesellschafter der Endotax Steuerberatungsgesellschaft mbH. Herr Britze ber\u00e4t zahlreiche Mandanten, die in der Immobilien-und Bauwirtschaft t\u00e4tig sind und kann hier auf seine langj\u00e4hrige Erfahrung zur\u00fcckgreifen. Ein weiterer Schwerpunkt liegt im Bereich der Erbschaftsteuern.<\/div>\n<div id=\"vita\">\n<div id=\"tr\">\n<div class=\"li\">1979 bis heute<\/div>\n<div>Gesellschafter der Endotax Steuerberatungsges. mbH<\/div>\n<\/div>\n<div id=\"tr\">\n<div class=\"li\">1973 \u2013 1979<\/div>\n<div>T\u00e4tigkeit bei Steuerberater<\/div>\n<\/div>\n<div id=\"tr\">\n<div class=\"li\">1969 \u2013 1973<\/div>\n<div>Studium Betriebswirtschaft, Abschluss als Diplom Kaufmann<br \/>\n(Schwerpunkte Steuerlehre und Wirtschaftspr\u00fcfung)<\/div>\n<\/div>\n<div id=\"tr\">\n<div class=\"li\">1967 \u2013 1969<\/div>\n<div>Banklehre (Berlin und Stuttgart)<\/div>\n<\/div>\n<div id=\"tr\">\n<div class=\"li\">1967<\/div>\n<div>Abitur<\/div>\n<\/div>\n<\/div>\n<p>[\/vc_column_text][\/vc_column]<\/p>\n","protected":false},"excerpt":{"rendered":"<p>[vc_column width=&#8220;1\/3&#8243; css=&#8220;.vc_custom_1468420102292{margin-top: 0px !important;margin-right: 0px !important;margin-bottom: 0px !important;margin-left: 0px !important;border-top-width: 0px !important;border-right-width: 0px !important;border-bottom-width: 0px !important;border-left-width: 0px !important;padding-top: 0px !important;padding-right: 0px !important;padding-bottom: 0px !important;padding-left: 0px !important;background-color: #ffffff !important;}&#8220;][vc_column_text] Martin Britze Carola Textor [\/vc_column_text][\/vc_column][vc_column width=&#8220;2\/3&#8243; css=&#8220;.vc_custom_1468420102292{margin-top: 50px !important;margin-right: 0px !important;margin-bottom:<\/p>\n","protected":false},"author":1,"featured_media":0,"parent":0,"menu_order":0,"comment_status":"closed","ping_status":"closed","template":"","meta":{"footnotes":""},"class_list":["post-140","page","type-page","status-publish","hentry"],"_links":{"self":[{"href":"https:\/\/www.endotax.de\/cont\/wp-json\/wp\/v2\/pages\/140"}],"collection":[{"href":"https:\/\/www.endotax.de\/cont\/wp-json\/wp\/v2\/pages"}],"about":[{"href":"https:\/\/www.endotax.de\/cont\/wp-json\/wp\/v2\/types\/page"}],"author":[{"embeddable":true,"href":"https:\/\/www.endotax.de\/cont\/wp-json\/wp\/v2\/users\/1"}],"replies":[{"embeddable":true,"href":"https:\/\/www.endotax.de\/cont\/wp-json\/wp\/v2\/comments?post=140"}],"version-history":[{"count":37,"href":"https:\/\/www.endotax.de\/cont\/wp-json\/wp\/v2\/pages\/140\/revisions"}],"predecessor-version":[{"id":734,"href":"https:\/\/www.endotax.de\/cont\/wp-json\/wp\/v2\/pages\/140\/revisions\/734"}],"wp:attachment":[{"href":"https:\/\/www.endotax.de\/cont\/wp-json\/wp\/v2\/media?parent=140"}],"curies":[{"name":"wp","href":"https:\/\/api.w.org\/{rel}","templated":true}]}}