{"id":56,"date":"2016-04-26T13:22:43","date_gmt":"2016-04-26T11:22:43","guid":{"rendered":"http:\/\/www.meditangens.de\/entw\/endotax\/?page_id=56"},"modified":"2024-06-10T19:17:52","modified_gmt":"2024-06-10T17:17:52","slug":"impressum","status":"publish","type":"page","link":"https:\/\/www.endotax.de\/cont\/impressum\/","title":{"rendered":"Impressum"},"content":{"rendered":"<p style=\"padding-top:60px\">\nENDOTAX Steuerberatungsgesellschaft mbH<br \/>\nHohenzollerndamm 91<br \/>\n14199 Berlin\n<\/p>\n<p><span style=\"color: #000;\">Handelsregister:<\/span><br \/>\nDie Kanzlei ENDOTAX Steuerberatungsgesellschaft mbH wird in der Rechtsform einer Gesellschaft mit beschr\u00e4nkter Haftung betrieben und ist im Handelsregister Berlin-Charlottenburg 92 unter HRB 14752 B eingetragen.<\/p>\n<p><span style=\"color: #000;\">Vertreten durch:<\/span><br \/>\nDie GmbH wird einzelvertretungsberechtigt durch die Steuerberaterin<br \/>\nFrau Dipl.-Kff. Carola Textor und durch Frau Halina Schmitz gesamtvertretungsberechtigt vertreten.<\/p>\n<h4 style=\"color: #000;\">Kontakt:<\/h4>\n<p>Telefon: 030 \/ 856 0 525 \u00b7 0<br \/>\nTelefax: 030 \/ 856 0 525 \u00b7 25<br \/>\nE-Mail: info@endotax.de<\/p>\n<h4 style=\"color: #000;\">Umsatzsteuer-ID:<\/h4>\n<p>Umsatzsteuer-Identifikationsnummer gem\u00e4\u00df \u00a727 a Umsatzsteuergesetz: DE 136632806<\/p>\n<h4 style=\"color: #000;\">Berufsbezeichnung und berufsrechtliche Regelungen:<\/h4>\n<p>Die Berufsbezeichnungen &#8222;Steuerberater&#8220; und &#8222;Steuerberaterin&#8220; wurden in der Bundesrepublik Deutschland (Land Berlin) verliehen.<\/p>\n<p style=\"padding-bottom: 0;\">Der Berufstand der Steuerberater unterliegt im Wesentlichen den nachstehenden berufsrechtlichen Regelungen:<\/p>\n<ul style=\"margin-top: 0px; padding-top: 0px;\">\n<li>Steuerberatungsgesetz (StBerG)<\/li>\n<li>Verordnung zur Durchf\u00fchrung der Vorschriften \u00fcber Steuerberater, Steuerbevollm\u00e4chtigte und Steuerberatungsgesellschaften (DVStB)<\/li>\n<li>Satzung \u00fcber die Rechte und Pflichten bei der Aus\u00fcbung der Berufe der Steuerberater und der Steuerbevollm\u00e4chtigten \u2013 Berufsordnung (BOStB)<\/li>\n<li>Verg\u00fctungsverordnung f\u00fcr Steuerberater, Steuerbevollm\u00e4chtigte und Steuerberatungsgesellschaften Steuerberaterverg\u00fctungsverordnung &#8211; StBVV)<\/li>\n<\/ul>\n<p>Mitgliedschaft Steuerberaterverband Berlin-Brandenburg<\/p>\n<p>Die ENDOTAX Steuerberatungsgesellschaft mbH ist durch den Senator f\u00fcr Finanzen Berlin als Steuerberatungsgesellschaft anerkannt und dementsprechend selbst\u00e4ndiges Mitglied in der Steuerberaterkammer Berlin.<\/p>\n<p>Der Berufstr\u00e4ger der ENDOTAX Steuerberatungsgesellschaft mbH ist als Steuerberater Mitglied der entsprechenden Berufskammern und in Deutschland zugelassen. Er unterliegt den jeweiligen berufsrechtlichen Regelungen.<\/p>\n<p>Die Steuerberaterin ist Mitglied der Steuerberaterkammer Berlin und durch den Senator f\u00fcr Finanzen Berlin zugelassen.<br \/>\nNachfragen hinsichtlich der Einhaltung der standesrechtlichen Regelungen sind zu richten an:<br \/>\nSteuerberaterkammer Berlin, <a href=\"https:\/\/stbk-berlin.de\/\" target=\"_blank\" rel=\"noopener\">www.stbkammer-berlin.de<\/a> .<\/p>\n<h4 style=\"color: #000;\">Angaben zur Berufs&shy;haftpflicht&shy;versicherung:<\/h4>\n<p><strong>Name und Sitz des Versicherers<\/strong><br \/>\nUnsere Verm\u00f6gensschaden-Haftpflichtversicherung ist bei:<br \/>\nAllianz, K\u00f6niginstra\u00dfe 28, 80802 M\u00fcnchen.<\/p>\n<p><span style=\"color: #000;\">Geltungsraum der Versicherung:<\/span><br \/>\nGeltungsbereich ist die Bundesrepublik Deutschland. Es gilt das deutsche Recht.<\/p>\n<h4 style=\"color: #000;\">Redaktionell verantwortlich:<\/h4>\n<p>Carola Textor, ENDOTAX Steuerberatungsgesellschaft mbH, Hohenzollerndamm 91, 14199 Berlin<\/p>\n<h4 style=\"color: #000;\">Verbraucher&shy;streit&shy;beilegung\/Universal&shy;schlichtungs&shy;stelle<\/h4>\n<p>Wir sind nicht bereit oder verpflichtet, an Streitbeilegungsverfahren vor einer Verbraucherschlichtungsstelle teilzunehmen.<\/p>\n<p><strong>Fotografie: <\/strong>Navina Neuschl \u00b7 www.navinafotografiert.de<\/p>\n<p><strong>Web-Design + Konzeption:<\/strong> MEDItangens howe + fiebig GbR<\/p>\n","protected":false},"excerpt":{"rendered":"<p>ENDOTAX Steuerberatungsgesellschaft mbH Hohenzollerndamm 91 14199 Berlin Handelsregister: Die Kanzlei ENDOTAX Steuerberatungsgesellschaft mbH wird in der Rechtsform einer Gesellschaft mit beschr\u00e4nkter Haftung betrieben und ist im Handelsregister Berlin-Charlottenburg 92 unter HRB 14752 B eingetragen. Vertreten durch: Die GmbH wird einzelvertretungsberechtigt<\/p>\n","protected":false},"author":1,"featured_media":0,"parent":0,"menu_order":0,"comment_status":"closed","ping_status":"closed","template":"","meta":{"footnotes":""},"class_list":["post-56","page","type-page","status-publish","hentry"],"_links":{"self":[{"href":"https:\/\/www.endotax.de\/cont\/wp-json\/wp\/v2\/pages\/56"}],"collection":[{"href":"https:\/\/www.endotax.de\/cont\/wp-json\/wp\/v2\/pages"}],"about":[{"href":"https:\/\/www.endotax.de\/cont\/wp-json\/wp\/v2\/types\/page"}],"author":[{"embeddable":true,"href":"https:\/\/www.endotax.de\/cont\/wp-json\/wp\/v2\/users\/1"}],"replies":[{"embeddable":true,"href":"https:\/\/www.endotax.de\/cont\/wp-json\/wp\/v2\/comments?post=56"}],"version-history":[{"count":41,"href":"https:\/\/www.endotax.de\/cont\/wp-json\/wp\/v2\/pages\/56\/revisions"}],"predecessor-version":[{"id":673,"href":"https:\/\/www.endotax.de\/cont\/wp-json\/wp\/v2\/pages\/56\/revisions\/673"}],"wp:attachment":[{"href":"https:\/\/www.endotax.de\/cont\/wp-json\/wp\/v2\/media?parent=56"}],"curies":[{"name":"wp","href":"https:\/\/api.w.org\/{rel}","templated":true}]}}